{"id":1442,"date":"2025-02-25T10:40:58","date_gmt":"2025-02-25T15:40:58","guid":{"rendered":"https:\/\/mundosonoro.org\/?page_id=1442"},"modified":"2026-04-07T15:48:36","modified_gmt":"2026-04-07T20:48:36","slug":"america-indigena","status":"publish","type":"page","link":"https:\/\/mundosonoro.org\/?page_id=1442","title":{"rendered":"\u00a0AM\u00c9RICA INDIGENA"},"content":{"rendered":"\n<p>Las sociedades indoamericanas representan un patrimonio inconfundible de resistencia a la colonizaci\u00f3n europea. Sus cantos y danzas soportadas en una infinidad de objetos sonoros indican la importancia de la m\u00fasica en la construcci\u00f3n de sus sociedades y rituales.&nbsp; Las m\u00fasicas ind\u00edgenas en Am\u00e9rica son una expresi\u00f3n vital de las culturas originarias, reflejando sus cosmovisiones, creencias y conexi\u00f3n con la naturaleza. A trav\u00e9s de instrumentos como flautas, tambores y maracas, cumplen funciones ceremoniales, comunicativas y curativas, y transmiten conocimientos ancestrales. Estas m\u00fasicas preservan la memoria cultural y siguen siendo una forma de resistencia frente a la colonizaci\u00f3n, manteniendo vivas las lenguas y valores de los pueblos originarios, siendo un patrimonio clave para entender la herencia cultural del continente.<\/p>\n\n\n<div class=\"wp-block-image\">\n<figure class=\"aligncenter size-large is-resized\"><img loading=\"lazy\" decoding=\"async\" width=\"1024\" height=\"576\" src=\"https:\/\/mundosonoro.org\/wp-content\/uploads\/2025\/02\/13-Chajchas-1024x576.jpg\" alt=\"\" class=\"wp-image-1514\" style=\"width:530px;height:auto\" srcset=\"https:\/\/mundosonoro.org\/wp-content\/uploads\/2025\/02\/13-Chajchas-1024x576.jpg 1024w, https:\/\/mundosonoro.org\/wp-content\/uploads\/2025\/02\/13-Chajchas-300x169.jpg 300w, https:\/\/mundosonoro.org\/wp-content\/uploads\/2025\/02\/13-Chajchas-768x432.jpg 768w, https:\/\/mundosonoro.org\/wp-content\/uploads\/2025\/02\/13-Chajchas-18x10.jpg 18w, https:\/\/mundosonoro.org\/wp-content\/uploads\/2025\/02\/13-Chajchas.jpg 1280w\" sizes=\"auto, (max-width: 1024px) 100vw, 1024px\" \/><\/figure>\n<\/div>\n\n\n<figure class=\"wp-block-audio\"><audio  controls src=\"https:\/\/mundosonoro.org\/wp-content\/uploads\/2025\/04\/014-Chajchas.mp3\"><\/audio><\/figure>\n\n\n<div class=\"wp-block-image\">\n<figure class=\"aligncenter size-large is-resized\"><img loading=\"lazy\" decoding=\"async\" width=\"1024\" height=\"576\" src=\"https:\/\/mundosonoro.org\/wp-content\/uploads\/2023\/07\/RONDADOR-1024x576.jpeg\" alt=\"\" class=\"wp-image-796\" style=\"width:621px;height:auto\" srcset=\"https:\/\/mundosonoro.org\/wp-content\/uploads\/2023\/07\/RONDADOR-1024x576.jpeg 1024w, https:\/\/mundosonoro.org\/wp-content\/uploads\/2023\/07\/RONDADOR-300x169.jpeg 300w, https:\/\/mundosonoro.org\/wp-content\/uploads\/2023\/07\/RONDADOR-768x432.jpeg 768w, https:\/\/mundosonoro.org\/wp-content\/uploads\/2023\/07\/RONDADOR-18x10.jpeg 18w, https:\/\/mundosonoro.org\/wp-content\/uploads\/2023\/07\/RONDADOR.jpeg 1200w\" sizes=\"auto, (max-width: 1024px) 100vw, 1024px\" \/><\/figure>\n<\/div>\n\n\n<figure class=\"wp-block-audio\"><audio  controls src=\"https:\/\/mundosonoro.org\/wp-content\/uploads\/2025\/04\/4_Rondador.mp3\"><\/audio><\/figure>\n\n\n<div class=\"wp-block-image\">\n<figure class=\"aligncenter size-large is-resized\"><img loading=\"lazy\" decoding=\"async\" width=\"1024\" height=\"576\" src=\"https:\/\/mundosonoro.org\/wp-content\/uploads\/2023\/07\/13-WAKRA-PUKU-1024x576.jpeg\" alt=\"\" class=\"wp-image-830\" style=\"width:606px;height:auto\" srcset=\"https:\/\/mundosonoro.org\/wp-content\/uploads\/2023\/07\/13-WAKRA-PUKU-1024x576.jpeg 1024w, https:\/\/mundosonoro.org\/wp-content\/uploads\/2023\/07\/13-WAKRA-PUKU-300x169.jpeg 300w, https:\/\/mundosonoro.org\/wp-content\/uploads\/2023\/07\/13-WAKRA-PUKU-768x432.jpeg 768w, https:\/\/mundosonoro.org\/wp-content\/uploads\/2023\/07\/13-WAKRA-PUKU-18x10.jpeg 18w, https:\/\/mundosonoro.org\/wp-content\/uploads\/2023\/07\/13-WAKRA-PUKU.jpeg 1200w\" sizes=\"auto, (max-width: 1024px) 100vw, 1024px\" \/><\/figure>\n<\/div>\n\n\n<figure class=\"wp-block-audio\"><audio  controls src=\"https:\/\/mundosonoro.org\/wp-content\/uploads\/2023\/10\/175-Waqrapuku.mp3\"><\/audio><\/figure>\n\n\n\n<p class=\"has-text-align-center\"><strong>Quena de Hueso<\/strong><\/p>\n\n\n\n<figure class=\"wp-block-audio\"><audio  data-artist=\"Scandinavian Sounds\" data-title=\"Benfl\u00f6jt (Bone Flute) | Demonstration Video | #ScandinavianFolkMusic #VikingMusic #NordicMusic\" controls src=\"https:\/\/mundosonoro.org\/wp-content\/uploads\/2025\/07\/164-Flauta-de-hueso.mp3\"><\/audio><\/figure>\n\n\n\n<p class=\"has-text-align-center\"><strong>Ocarina Zoomorfa<\/strong><\/p>\n\n\n\n<figure class=\"wp-block-audio\"><audio  data-artist=\"Marco Salas Montoya\" data-title=\"ocarinas pura vida costa rica\" controls src=\"https:\/\/mundosonoro.org\/wp-content\/uploads\/2025\/07\/264-Ocarina-Costa-Rica.mp3\"><\/audio><\/figure>\n\n\n\n<p class=\"has-text-align-center\"><strong>Botella Silbante<\/strong><\/p>\n\n\n\n<figure class=\"wp-block-audio\"><audio  data-artist=\"Old Peru Replicas\" data-title=\"Water whistling bottles - vasijas silbadoras de agua\" controls src=\"https:\/\/mundosonoro.org\/wp-content\/uploads\/2025\/07\/215-Botella-Silbante.mp3\"><\/audio><\/figure>\n\n\n\n<p class=\"has-text-align-center\"><\/p>\n\n\n\n\n\n<p class=\"has-text-align-center\"><strong>Quenacho<\/strong><\/p>\n\n\n\n<figure class=\"wp-block-audio\"><audio  data-artist=\"Veronika Vitazkova\" data-title=\"Quenacho\" controls src=\"https:\/\/mundosonoro.org\/wp-content\/uploads\/2025\/07\/20-Quenacho.mp3\"><\/audio><\/figure>\n\n\n\n<p class=\"has-text-align-center\"><strong>Ayotl<\/strong><\/p>\n\n\n\n<figure class=\"wp-block-audio\"><audio  controls src=\"https:\/\/mundosonoro.org\/wp-content\/uploads\/2025\/07\/153.Ayotl-1.mp3\"><\/audio><\/figure>\n\n\n\n<p class=\"has-text-align-center\"><\/p>\n\n\n\n<p class=\"has-text-align-center\"><strong>Siku tuyu<\/strong><\/p>\n\n\n\n<figure class=\"wp-block-audio\"><audio  controls src=\"https:\/\/mundosonoro.org\/wp-content\/uploads\/2025\/07\/015-Siku-Tuyu.mp3\"><\/audio><\/figure>\n\n\n\n<p class=\"has-text-align-center\"><strong>Tarka<\/strong><\/p>\n\n\n\n<figure class=\"wp-block-audio\"><audio  controls src=\"https:\/\/mundosonoro.org\/wp-content\/uploads\/2025\/07\/069-Tarka.mp3\"><\/audio><\/figure>\n\n\n\n<p class=\"has-text-align-center\"><strong>Tambor de caja<\/strong><\/p>\n\n\n\n<figure class=\"wp-block-audio\"><audio  data-artist=\"JAIRO JOEL TORRES VARGAS\" data-title=\"Sonido de Tambores\" controls src=\"https:\/\/mundosonoro.org\/wp-content\/uploads\/2025\/07\/168-Tambor-de-caja.mp3\"><\/audio><\/figure>\n\n\n\n<p class=\"has-text-align-center\"><\/p>\n\n\n\n<p><\/p>\n","protected":false},"excerpt":{"rendered":"<p>Las sociedades indoamericanas representan un patrimonio inconfundible de resistencia a la colonizaci\u00f3n europea. Sus cantos y danzas soportadas en una infinidad de objetos sonoros indican la importancia de la m\u00fasica&hellip;<\/p>\n","protected":false},"author":1,"featured_media":1525,"parent":0,"menu_order":0,"comment_status":"closed","ping_status":"closed","template":"","meta":{"footnotes":""},"class_list":["post-1442","page","type-page","status-publish","has-post-thumbnail","hentry"],"_links":{"self":[{"href":"https:\/\/mundosonoro.org\/index.php?rest_route=\/wp\/v2\/pages\/1442","targetHints":{"allow":["GET"]}}],"collection":[{"href":"https:\/\/mundosonoro.org\/index.php?rest_route=\/wp\/v2\/pages"}],"about":[{"href":"https:\/\/mundosonoro.org\/index.php?rest_route=\/wp\/v2\/types\/page"}],"author":[{"embeddable":true,"href":"https:\/\/mundosonoro.org\/index.php?rest_route=\/wp\/v2\/users\/1"}],"replies":[{"embeddable":true,"href":"https:\/\/mundosonoro.org\/index.php?rest_route=%2Fwp%2Fv2%2Fcomments&post=1442"}],"version-history":[{"count":20,"href":"https:\/\/mundosonoro.org\/index.php?rest_route=\/wp\/v2\/pages\/1442\/revisions"}],"predecessor-version":[{"id":1820,"href":"https:\/\/mundosonoro.org\/index.php?rest_route=\/wp\/v2\/pages\/1442\/revisions\/1820"}],"wp:featuredmedia":[{"embeddable":true,"href":"https:\/\/mundosonoro.org\/index.php?rest_route=\/wp\/v2\/media\/1525"}],"wp:attachment":[{"href":"https:\/\/mundosonoro.org\/index.php?rest_route=%2Fwp%2Fv2%2Fmedia&parent=1442"}],"curies":[{"name":"wp","href":"https:\/\/api.w.org\/{rel}","templated":true}]}}