{"id":1497,"date":"2025-02-26T10:08:22","date_gmt":"2025-02-26T15:08:22","guid":{"rendered":"https:\/\/mundosonoro.org\/?page_id=1497"},"modified":"2025-07-21T15:35:02","modified_gmt":"2025-07-21T20:35:02","slug":"tradiciones-musicales-afrocolombianas","status":"publish","type":"page","link":"https:\/\/mundosonoro.org\/?page_id=1497","title":{"rendered":"TRADICIONES MUSICALES AFROCOLOMBIANAS"},"content":{"rendered":"\n<p>La m\u00fasica afrocolombiana es un patrimonio vivo que refleja la rica herencia cultural de las comunidades afrodescendientes en Colombia. Esta m\u00fasica, cargada de ritmos y melod\u00edas contagiosas, se expresa principalmente a trav\u00e9s de instrumentos como la marimba, el caja, el guache y el cununo, entre otros. Los tambores, por ejemplo, son esenciales en g\u00e9neros como el porro, el bullarengue o la tambora, mientras que la marimba de chonta destaca en el currulao de la regi\u00f3n Pac\u00edfica. Cada uno de estos instrumentos tiene un papel fundamental en la transmisi\u00f3n de tradiciones orales y sonoros, sirviendo como un medio de resistencia, celebraci\u00f3n y cohesi\u00f3n social, que representa la lucha por mantener vivos sus valores y tradiciones en un contexto contempor\u00e1neo.<\/p>\n\n\n\n<figure class=\"wp-block-image size-full\"><img loading=\"lazy\" decoding=\"async\" width=\"980\" height=\"449\" src=\"https:\/\/mundosonoro.org\/wp-content\/uploads\/2023\/03\/cropped-Cabecera-4-scaled-1.jpg\" alt=\"\" class=\"wp-image-701\" srcset=\"https:\/\/mundosonoro.org\/wp-content\/uploads\/2023\/03\/cropped-Cabecera-4-scaled-1.jpg 980w, https:\/\/mundosonoro.org\/wp-content\/uploads\/2023\/03\/cropped-Cabecera-4-scaled-1-300x137.jpg 300w, https:\/\/mundosonoro.org\/wp-content\/uploads\/2023\/03\/cropped-Cabecera-4-scaled-1-768x352.jpg 768w, https:\/\/mundosonoro.org\/wp-content\/uploads\/2023\/03\/cropped-Cabecera-4-scaled-1-18x8.jpg 18w\" sizes=\"auto, (max-width: 980px) 100vw, 980px\" \/><\/figure>\n\n\n\n<p>Instrumentos: Alegre \/ Ca\u00f1a de millo \/ Marac\u00f3n\/ Llamador \/ Gaita Hembra \/ Gaita Macho \/ Gaita machiembr\u00e1 \/ Gallitos \/Cununo \/ Alegre \/ Marimba de Chonta \/Guas\u00e1 \/ Jaw-bone.<br><br><\/p>\n\n\n\n<h2 class=\"wp-block-heading has-text-align-center\">CONJUNTO DEL PACIFICO<br><\/h2>\n\n\n\n<figure class=\"wp-block-image size-large\"><img loading=\"lazy\" decoding=\"async\" width=\"1024\" height=\"576\" src=\"https:\/\/mundosonoro.org\/wp-content\/uploads\/2023\/07\/6-Marimba_ENG-1024x576.jpeg\" alt=\"\" class=\"wp-image-883\" srcset=\"https:\/\/mundosonoro.org\/wp-content\/uploads\/2023\/07\/6-Marimba_ENG-1024x576.jpeg 1024w, https:\/\/mundosonoro.org\/wp-content\/uploads\/2023\/07\/6-Marimba_ENG-300x169.jpeg 300w, https:\/\/mundosonoro.org\/wp-content\/uploads\/2023\/07\/6-Marimba_ENG-768x432.jpeg 768w, https:\/\/mundosonoro.org\/wp-content\/uploads\/2023\/07\/6-Marimba_ENG-18x10.jpeg 18w, https:\/\/mundosonoro.org\/wp-content\/uploads\/2023\/07\/6-Marimba_ENG.jpeg 1200w\" sizes=\"auto, (max-width: 1024px) 100vw, 1024px\" \/><\/figure>\n\n\n\n<figure class=\"wp-block-audio\"><audio  controls src=\"https:\/\/mundosonoro.org\/wp-content\/uploads\/2025\/07\/172.-MarimbaEsmeraldas.mp3\"><\/audio><\/figure>\n\n\n\n<h2 class=\"wp-block-heading has-text-align-center\">cununo<\/h2>\n\n\n\n\n\n<figure class=\"wp-block-audio\"><audio  data-artist=\"B\u00e1nfora Records\" data-title=\"3.6 Aire: aguabajo. Instrumento: cununo hembra.\" controls src=\"https:\/\/mundosonoro.org\/wp-content\/uploads\/2025\/07\/220-Cununo.mp3\"><\/audio><\/figure>\n\n\n\n<h2 class=\"wp-block-heading has-text-align-center\">guasa<\/h2>\n\n\n\n<figure class=\"wp-block-audio\"><audio  data-artist=\"Junior Eduardo Estacio\" data-title=\"Interpretaci\u00f3n del guasa tradicional del pacifico sur -  Zona Tumaco\" controls src=\"https:\/\/mundosonoro.org\/wp-content\/uploads\/2025\/07\/250-guasa.mp3\"><\/audio><\/figure>\n\n\n\n<h2 class=\"wp-block-heading has-text-align-center\">conjunto de cumbia<\/h2>\n\n\n\n<p class=\"has-text-align-center\"><strong>Tambora<\/strong><\/p>\n\n\n\n<figure class=\"wp-block-audio\"><audio  controls src=\"https:\/\/mundosonoro.org\/wp-content\/uploads\/2025\/07\/070-Tambora.mp3\"><\/audio><\/figure>\n\n\n\n<figure class=\"wp-block-image size-large\"><img loading=\"lazy\" decoding=\"async\" width=\"1024\" height=\"576\" src=\"https:\/\/mundosonoro.org\/wp-content\/uploads\/2025\/07\/71-Cana-de-millo-1-1024x576.jpeg\" alt=\"\" class=\"wp-image-1693\" srcset=\"https:\/\/mundosonoro.org\/wp-content\/uploads\/2025\/07\/71-Cana-de-millo-1-1024x576.jpeg 1024w, https:\/\/mundosonoro.org\/wp-content\/uploads\/2025\/07\/71-Cana-de-millo-1-300x169.jpeg 300w, https:\/\/mundosonoro.org\/wp-content\/uploads\/2025\/07\/71-Cana-de-millo-1-768x432.jpeg 768w, https:\/\/mundosonoro.org\/wp-content\/uploads\/2025\/07\/71-Cana-de-millo-1-18x10.jpeg 18w, https:\/\/mundosonoro.org\/wp-content\/uploads\/2025\/07\/71-Cana-de-millo-1.jpeg 1200w\" sizes=\"auto, (max-width: 1024px) 100vw, 1024px\" \/><\/figure>\n\n\n\n<figure class=\"wp-block-audio\"><audio  controls src=\"https:\/\/mundosonoro.org\/wp-content\/uploads\/2025\/07\/073-Cana-de-Millo.mp3\"><\/audio><\/figure>\n\n\n<div class=\"wp-block-image\">\n<figure class=\"aligncenter size-large is-resized\"><img loading=\"lazy\" decoding=\"async\" width=\"1024\" height=\"576\" src=\"https:\/\/mundosonoro.org\/wp-content\/uploads\/2025\/02\/104-105-Gaitas-1024x576.jpg\" alt=\"\" class=\"wp-image-1503\" style=\"width:589px;height:auto\" srcset=\"https:\/\/mundosonoro.org\/wp-content\/uploads\/2025\/02\/104-105-Gaitas-1024x576.jpg 1024w, https:\/\/mundosonoro.org\/wp-content\/uploads\/2025\/02\/104-105-Gaitas-300x169.jpg 300w, https:\/\/mundosonoro.org\/wp-content\/uploads\/2025\/02\/104-105-Gaitas-768x432.jpg 768w, https:\/\/mundosonoro.org\/wp-content\/uploads\/2025\/02\/104-105-Gaitas-18x10.jpg 18w, https:\/\/mundosonoro.org\/wp-content\/uploads\/2025\/02\/104-105-Gaitas.jpg 1280w\" sizes=\"auto, (max-width: 1024px) 100vw, 1024px\" \/><\/figure>\n<\/div>\n\n\n<figure class=\"wp-block-audio\"><audio  controls src=\"https:\/\/mundosonoro.org\/wp-content\/uploads\/2022\/10\/Gaitas-A-viento-suelto-Victor-Yepes-gaitero-de-San-Jacinto-Bolivar-Colombia.mp3\"><\/audio><\/figure>\n\n\n<div class=\"wp-block-image\">\n<figure class=\"aligncenter size-large is-resized\"><img loading=\"lazy\" decoding=\"async\" width=\"1024\" height=\"576\" src=\"https:\/\/mundosonoro.org\/wp-content\/uploads\/2023\/07\/ALEGRE-1024x576.jpeg\" alt=\"\" class=\"wp-image-811\" style=\"width:565px;height:auto\" srcset=\"https:\/\/mundosonoro.org\/wp-content\/uploads\/2023\/07\/ALEGRE-1024x576.jpeg 1024w, https:\/\/mundosonoro.org\/wp-content\/uploads\/2023\/07\/ALEGRE-300x169.jpeg 300w, https:\/\/mundosonoro.org\/wp-content\/uploads\/2023\/07\/ALEGRE-768x432.jpeg 768w, https:\/\/mundosonoro.org\/wp-content\/uploads\/2023\/07\/ALEGRE-18x10.jpeg 18w, https:\/\/mundosonoro.org\/wp-content\/uploads\/2023\/07\/ALEGRE.jpeg 1200w\" sizes=\"auto, (max-width: 1024px) 100vw, 1024px\" \/><\/figure>\n<\/div>\n\n\n<figure class=\"wp-block-audio\"><audio  controls src=\"https:\/\/mundosonoro.org\/wp-content\/uploads\/2023\/10\/057-Alegre.mp3\"><\/audio><\/figure>\n\n\n\n<p class=\"has-text-align-center\"><strong>Llamador<\/strong><\/p>\n\n\n\n<figure class=\"wp-block-audio\"><audio  controls src=\"https:\/\/mundosonoro.org\/wp-content\/uploads\/2025\/07\/085-Llamador.mp3\"><\/audio><\/figure>\n\n\n\n<p class=\"has-text-align-center\"><strong>Maracon<\/strong><br><\/p>\n\n\n\n<figure class=\"wp-block-audio\"><audio  controls src=\"https:\/\/mundosonoro.org\/wp-content\/uploads\/2025\/07\/048-Maracon.mp3\"><\/audio><\/figure>\n","protected":false},"excerpt":{"rendered":"<p>La m\u00fasica afrocolombiana es un patrimonio vivo que refleja la rica herencia cultural de las comunidades afrodescendientes en Colombia. Esta m\u00fasica, cargada de ritmos y melod\u00edas contagiosas, se expresa principalmente&hellip;<\/p>\n","protected":false},"author":1,"featured_media":1523,"parent":0,"menu_order":0,"comment_status":"closed","ping_status":"closed","template":"","meta":{"footnotes":""},"class_list":["post-1497","page","type-page","status-publish","has-post-thumbnail","hentry"],"_links":{"self":[{"href":"https:\/\/mundosonoro.org\/index.php?rest_route=\/wp\/v2\/pages\/1497","targetHints":{"allow":["GET"]}}],"collection":[{"href":"https:\/\/mundosonoro.org\/index.php?rest_route=\/wp\/v2\/pages"}],"about":[{"href":"https:\/\/mundosonoro.org\/index.php?rest_route=\/wp\/v2\/types\/page"}],"author":[{"embeddable":true,"href":"https:\/\/mundosonoro.org\/index.php?rest_route=\/wp\/v2\/users\/1"}],"replies":[{"embeddable":true,"href":"https:\/\/mundosonoro.org\/index.php?rest_route=%2Fwp%2Fv2%2Fcomments&post=1497"}],"version-history":[{"count":10,"href":"https:\/\/mundosonoro.org\/index.php?rest_route=\/wp\/v2\/pages\/1497\/revisions"}],"predecessor-version":[{"id":1735,"href":"https:\/\/mundosonoro.org\/index.php?rest_route=\/wp\/v2\/pages\/1497\/revisions\/1735"}],"wp:featuredmedia":[{"embeddable":true,"href":"https:\/\/mundosonoro.org\/index.php?rest_route=\/wp\/v2\/media\/1523"}],"wp:attachment":[{"href":"https:\/\/mundosonoro.org\/index.php?rest_route=%2Fwp%2Fv2%2Fmedia&parent=1497"}],"curies":[{"name":"wp","href":"https:\/\/api.w.org\/{rel}","templated":true}]}}

<p>La música afrocolombiana es un patrimonio vivo que refleja la rica herencia cultural de las comunidades afrodescendientes en Colombia. Esta música, cargada de ritmos y melodías contagiosas, se expresa principalmente a través de instrumentos como la marimba, el caja, el guache y el cununo, entre otros. Los tambores, por ejemplo, son esenciales en géneros como el porro, el bullarengue o la tambora, mientras que la marimba de chonta destaca en el currulao de la región Pacífica. Cada uno de estos instrumentos tiene un papel fundamental en la transmisión de tradiciones orales y sonoros, sirviendo como un medio de resistencia, celebración y cohesión social, que representa la lucha por mantener vivos sus valores y tradiciones en un contexto contemporáneo.</p>



<figure class="wp-block-image size-full"><img loading="lazy" decoding="async" width="980" height="449" src="https://mundosonoro.org/wp-content/uploads/2023/03/cropped-Cabecera-4-scaled-1.jpg" alt="" class="wp-image-701" srcset="https://mundosonoro.org/wp-content/uploads/2023/03/cropped-Cabecera-4-scaled-1.jpg 980w, https://mundosonoro.org/wp-content/uploads/2023/03/cropped-Cabecera-4-scaled-1-300x137.jpg 300w, https://mundosonoro.org/wp-content/uploads/2023/03/cropped-Cabecera-4-scaled-1-768x352.jpg 768w, https://mundosonoro.org/wp-content/uploads/2023/03/cropped-Cabecera-4-scaled-1-18x8.jpg 18w" sizes="auto, (max-width: 980px) 100vw, 980px" /></figure>



<p>Instrumentos: Alegre / Caña de millo / Maracón/ Llamador / Gaita Hembra / Gaita Macho / Gaita machiembrá / Gallitos /Cununo / Alegre / Marimba de Chonta /Guasá / Jaw-bone.<br><br></p>



<h2 class="wp-block-heading has-text-align-center">CONJUNTO DEL PACIFICO<br></h2>



<figure class="wp-block-image size-large"><img loading="lazy" decoding="async" width="1024" height="576" src="https://mundosonoro.org/wp-content/uploads/2023/07/6-Marimba_ENG-1024x576.jpeg" alt="" class="wp-image-883" srcset="https://mundosonoro.org/wp-content/uploads/2023/07/6-Marimba_ENG-1024x576.jpeg 1024w, https://mundosonoro.org/wp-content/uploads/2023/07/6-Marimba_ENG-300x169.jpeg 300w, https://mundosonoro.org/wp-content/uploads/2023/07/6-Marimba_ENG-768x432.jpeg 768w, https://mundosonoro.org/wp-content/uploads/2023/07/6-Marimba_ENG-18x10.jpeg 18w, https://mundosonoro.org/wp-content/uploads/2023/07/6-Marimba_ENG.jpeg 1200w" sizes="auto, (max-width: 1024px) 100vw, 1024px" /></figure>



<figure class="wp-block-audio"><audio  controls src="https://mundosonoro.org/wp-content/uploads/2025/07/172.-MarimbaEsmeraldas.mp3"></audio></figure>



<h2 class="wp-block-heading has-text-align-center">cununo</h2>





<figure class="wp-block-audio"><audio  data-artist="Bánfora Records" data-title="3.6 Aire: aguabajo. Instrumento: cununo hembra." controls src="https://mundosonoro.org/wp-content/uploads/2025/07/220-Cununo.mp3"></audio></figure>



<h2 class="wp-block-heading has-text-align-center">guasa</h2>



<figure class="wp-block-audio"><audio  data-artist="Junior Eduardo Estacio" data-title="Interpretación del guasa tradicional del pacifico sur -  Zona Tumaco" controls src="https://mundosonoro.org/wp-content/uploads/2025/07/250-guasa.mp3"></audio></figure>



<h2 class="wp-block-heading has-text-align-center">conjunto de cumbia</h2>



<p class="has-text-align-center"><strong>Tambora</strong></p>



<figure class="wp-block-audio"><audio  controls src="https://mundosonoro.org/wp-content/uploads/2025/07/070-Tambora.mp3"></audio></figure>



<figure class="wp-block-image size-large"><img loading="lazy" decoding="async" width="1024" height="576" src="https://mundosonoro.org/wp-content/uploads/2025/07/71-Cana-de-millo-1-1024x576.jpeg" alt="" class="wp-image-1693" srcset="https://mundosonoro.org/wp-content/uploads/2025/07/71-Cana-de-millo-1-1024x576.jpeg 1024w, https://mundosonoro.org/wp-content/uploads/2025/07/71-Cana-de-millo-1-300x169.jpeg 300w, https://mundosonoro.org/wp-content/uploads/2025/07/71-Cana-de-millo-1-768x432.jpeg 768w, https://mundosonoro.org/wp-content/uploads/2025/07/71-Cana-de-millo-1-18x10.jpeg 18w, https://mundosonoro.org/wp-content/uploads/2025/07/71-Cana-de-millo-1.jpeg 1200w" sizes="auto, (max-width: 1024px) 100vw, 1024px" /></figure>



<figure class="wp-block-audio"><audio  controls src="https://mundosonoro.org/wp-content/uploads/2025/07/073-Cana-de-Millo.mp3"></audio></figure>


<div class="wp-block-image">
<figure class="aligncenter size-large is-resized"><img loading="lazy" decoding="async" width="1024" height="576" src="https://mundosonoro.org/wp-content/uploads/2025/02/104-105-Gaitas-1024x576.jpg" alt="" class="wp-image-1503" style="width:589px;height:auto" srcset="https://mundosonoro.org/wp-content/uploads/2025/02/104-105-Gaitas-1024x576.jpg 1024w, https://mundosonoro.org/wp-content/uploads/2025/02/104-105-Gaitas-300x169.jpg 300w, https://mundosonoro.org/wp-content/uploads/2025/02/104-105-Gaitas-768x432.jpg 768w, https://mundosonoro.org/wp-content/uploads/2025/02/104-105-Gaitas-18x10.jpg 18w, https://mundosonoro.org/wp-content/uploads/2025/02/104-105-Gaitas.jpg 1280w" sizes="auto, (max-width: 1024px) 100vw, 1024px" /></figure>
</div>


<figure class="wp-block-audio"><audio  controls src="https://mundosonoro.org/wp-content/uploads/2022/10/Gaitas-A-viento-suelto-Victor-Yepes-gaitero-de-San-Jacinto-Bolivar-Colombia.mp3"></audio></figure>


<div class="wp-block-image">
<figure class="aligncenter size-large is-resized"><img loading="lazy" decoding="async" width="1024" height="576" src="https://mundosonoro.org/wp-content/uploads/2023/07/ALEGRE-1024x576.jpeg" alt="" class="wp-image-811" style="width:565px;height:auto" srcset="https://mundosonoro.org/wp-content/uploads/2023/07/ALEGRE-1024x576.jpeg 1024w, https://mundosonoro.org/wp-content/uploads/2023/07/ALEGRE-300x169.jpeg 300w, https://mundosonoro.org/wp-content/uploads/2023/07/ALEGRE-768x432.jpeg 768w, https://mundosonoro.org/wp-content/uploads/2023/07/ALEGRE-18x10.jpeg 18w, https://mundosonoro.org/wp-content/uploads/2023/07/ALEGRE.jpeg 1200w" sizes="auto, (max-width: 1024px) 100vw, 1024px" /></figure>
</div>


<figure class="wp-block-audio"><audio  controls src="https://mundosonoro.org/wp-content/uploads/2023/10/057-Alegre.mp3"></audio></figure>



<p class="has-text-align-center"><strong>Llamador</strong></p>



<figure class="wp-block-audio"><audio  controls src="https://mundosonoro.org/wp-content/uploads/2025/07/085-Llamador.mp3"></audio></figure>



<p class="has-text-align-center"><strong>Maracon</strong><br></p>



<figure class="wp-block-audio"><audio  controls src="https://mundosonoro.org/wp-content/uploads/2025/07/048-Maracon.mp3"></audio></figure>

<p>La música afrocolombiana es un patrimonio vivo que refleja la rica herencia cultural de las comunidades afrodescendientes en Colombia. Esta música, cargada de ritmos y melodías contagiosas, se expresa principalmente&hellip;</p>
