{"id":1759,"date":"2025-07-25T10:12:42","date_gmt":"2025-07-25T15:12:42","guid":{"rendered":"https:\/\/mundosonoro.org\/?page_id=1759"},"modified":"2026-04-07T15:42:28","modified_gmt":"2026-04-07T20:42:28","slug":"grupo-cantatierra","status":"publish","type":"page","link":"https:\/\/mundosonoro.org\/?page_id=1759","title":{"rendered":"GRUPO CANTATIERRA"},"content":{"rendered":"\n<figure class=\"wp-block-image size-full\"><img loading=\"lazy\" decoding=\"async\" width=\"986\" height=\"856\" src=\"https:\/\/mundosonoro.org\/wp-content\/uploads\/2025\/07\/CANTATIERRA-1.jpg\" alt=\"\" class=\"wp-image-1762\" srcset=\"https:\/\/mundosonoro.org\/wp-content\/uploads\/2025\/07\/CANTATIERRA-1.jpg 986w, https:\/\/mundosonoro.org\/wp-content\/uploads\/2025\/07\/CANTATIERRA-1-300x260.jpg 300w, https:\/\/mundosonoro.org\/wp-content\/uploads\/2025\/07\/CANTATIERRA-1-768x667.jpg 768w, https:\/\/mundosonoro.org\/wp-content\/uploads\/2025\/07\/CANTATIERRA-1-14x12.jpg 14w\" sizes=\"auto, (max-width: 986px) 100vw, 986px\" \/><\/figure>\n\n\n\n<p class=\"has-text-align-center\">Fundado en Ibagu\u00e9 en 1985, como grupo de proyecci\u00f3n de las m\u00fasicas tradicionales del Tolima.<\/p>\n\n\n\n<p class=\"has-text-align-center\">Cantatierra viaj\u00f3 durante m\u00e1s de 30 a\u00f1os por Colombia y pa\u00edses como Canad\u00e1, Alemania, Cuba y Estados Unidos, difundiendo el repertorio de sobre compositores regionales y m\u00fasicas de base campesina,<\/p>\n\n\n\n<p class=\"has-text-align-center\">A partir de sus investigaciones y grabaciones deja un legado para la memoria y patrimonio musical regional.<\/p>\n\n\n\n<p class=\"has-text-align-center\">Estos son algunos de los instrumentos utilizados en sus giras:<\/p>\n\n\n\n<p class=\"has-text-align-center\">Rajale\u00f1as Fiestas Tradicionales<\/p>\n\n\n\n<figure class=\"wp-block-audio\"><audio  controls src=\"https:\/\/mundosonoro.org\/wp-content\/uploads\/2025\/07\/Rajalena-Fiestas-tradicionales.mp3\"><\/audio><\/figure>\n\n\n<div class=\"wp-block-image\">\n<figure class=\"aligncenter size-full\"><img loading=\"lazy\" decoding=\"async\" width=\"667\" height=\"869\" src=\"https:\/\/mundosonoro.org\/wp-content\/uploads\/2025\/07\/Afiche.png\" alt=\"\" class=\"wp-image-1763\" srcset=\"https:\/\/mundosonoro.org\/wp-content\/uploads\/2025\/07\/Afiche.png 667w, https:\/\/mundosonoro.org\/wp-content\/uploads\/2025\/07\/Afiche-230x300.png 230w, https:\/\/mundosonoro.org\/wp-content\/uploads\/2025\/07\/Afiche-9x12.png 9w\" sizes=\"auto, (max-width: 667px) 100vw, 667px\" \/><\/figure>\n<\/div>\n\n\n<p><\/p>\n","protected":false},"excerpt":{"rendered":"<p>Fundado en Ibagu\u00e9 en 1985, como grupo de proyecci\u00f3n de las m\u00fasicas tradicionales del Tolima. Cantatierra viaj\u00f3 durante m\u00e1s de 30 a\u00f1os por Colombia y pa\u00edses como Canad\u00e1, Alemania, Cuba&hellip;<\/p>\n","protected":false},"author":1,"featured_media":0,"parent":0,"menu_order":0,"comment_status":"closed","ping_status":"closed","template":"","meta":{"footnotes":""},"class_list":["post-1759","page","type-page","status-publish","hentry"],"_links":{"self":[{"href":"https:\/\/mundosonoro.org\/index.php?rest_route=\/wp\/v2\/pages\/1759","targetHints":{"allow":["GET"]}}],"collection":[{"href":"https:\/\/mundosonoro.org\/index.php?rest_route=\/wp\/v2\/pages"}],"about":[{"href":"https:\/\/mundosonoro.org\/index.php?rest_route=\/wp\/v2\/types\/page"}],"author":[{"embeddable":true,"href":"https:\/\/mundosonoro.org\/index.php?rest_route=\/wp\/v2\/users\/1"}],"replies":[{"embeddable":true,"href":"https:\/\/mundosonoro.org\/index.php?rest_route=%2Fwp%2Fv2%2Fcomments&post=1759"}],"version-history":[{"count":4,"href":"https:\/\/mundosonoro.org\/index.php?rest_route=\/wp\/v2\/pages\/1759\/revisions"}],"predecessor-version":[{"id":1818,"href":"https:\/\/mundosonoro.org\/index.php?rest_route=\/wp\/v2\/pages\/1759\/revisions\/1818"}],"wp:attachment":[{"href":"https:\/\/mundosonoro.org\/index.php?rest_route=%2Fwp%2Fv2%2Fmedia&parent=1759"}],"curies":[{"name":"wp","href":"https:\/\/api.w.org\/{rel}","templated":true}]}}

<figure class="wp-block-image size-full"><img loading="lazy" decoding="async" width="986" height="856" src="https://mundosonoro.org/wp-content/uploads/2025/07/CANTATIERRA-1.jpg" alt="" class="wp-image-1762" srcset="https://mundosonoro.org/wp-content/uploads/2025/07/CANTATIERRA-1.jpg 986w, https://mundosonoro.org/wp-content/uploads/2025/07/CANTATIERRA-1-300x260.jpg 300w, https://mundosonoro.org/wp-content/uploads/2025/07/CANTATIERRA-1-768x667.jpg 768w, https://mundosonoro.org/wp-content/uploads/2025/07/CANTATIERRA-1-14x12.jpg 14w" sizes="auto, (max-width: 986px) 100vw, 986px" /></figure>



<p class="has-text-align-center">Fundado en Ibagué en 1985, como grupo de proyección de las músicas tradicionales del Tolima.</p>



<p class="has-text-align-center">Cantatierra viajó durante más de 30 años por Colombia y países como Canadá, Alemania, Cuba y Estados Unidos, difundiendo el repertorio de sobre compositores regionales y músicas de base campesina,</p>



<p class="has-text-align-center">A partir de sus investigaciones y grabaciones deja un legado para la memoria y patrimonio musical regional.</p>



<p class="has-text-align-center">Estos son algunos de los instrumentos utilizados en sus giras:</p>



<p class="has-text-align-center">Rajaleñas Fiestas Tradicionales</p>



<figure class="wp-block-audio"><audio  controls src="https://mundosonoro.org/wp-content/uploads/2025/07/Rajalena-Fiestas-tradicionales.mp3"></audio></figure>


<div class="wp-block-image">
<figure class="aligncenter size-full"><img loading="lazy" decoding="async" width="667" height="869" src="https://mundosonoro.org/wp-content/uploads/2025/07/Afiche.png" alt="" class="wp-image-1763" srcset="https://mundosonoro.org/wp-content/uploads/2025/07/Afiche.png 667w, https://mundosonoro.org/wp-content/uploads/2025/07/Afiche-230x300.png 230w, https://mundosonoro.org/wp-content/uploads/2025/07/Afiche-9x12.png 9w" sizes="auto, (max-width: 667px) 100vw, 667px" /></figure>
</div>


<p></p>

<p>Fundado en Ibagué en 1985, como grupo de proyección de las músicas tradicionales del Tolima. Cantatierra viajó durante más de 30 años por Colombia y países como Canadá, Alemania, Cuba&hellip;</p>
