{"id":19,"date":"2022-03-12T10:51:27","date_gmt":"2022-03-12T15:51:27","guid":{"rendered":"https:\/\/mundosonoro.org\/?page_id=19"},"modified":"2022-03-18T14:58:33","modified_gmt":"2022-03-18T19:58:33","slug":"visite-la-coleccion","status":"publish","type":"page","link":"https:\/\/mundosonoro.org\/?page_id=19","title":{"rendered":"Vis\u00edtanos"},"content":{"rendered":"\n<div class=\"wp-block-columns is-layout-flex wp-container-core-columns-is-layout-9d6595d7 wp-block-columns-is-layout-flex\">\n<div class=\"wp-block-column is-layout-flow wp-block-column-is-layout-flow\">\n<div class=\"wp-block-group\"><div class=\"wp-block-group__inner-container is-layout-flow wp-block-group-is-layout-flow\">\n<p class=\"has-small-font-size\" style=\"font-style:normal;font-weight:500;letter-spacing:1px\">La colecci\u00f3n Mundo Sonoro es una muestra \u00fanica de instrumentos musicales procedentes de diferentes culturas del mundo, contrastadas con la diversidad de los instrumentos tradicionales y populares colombianos. Se propone al visitante un di\u00e1logo est\u00e9tico que invita a&nbsp; recorrer un universo incomparable de formas, est\u00e9ticas y \u201csonidos humanamente organizados\u201d (Blacking, 2003) que impactan al observador al contemplar en un solo espacio la inagotable creatividad humana para transformar los materiales de su entorno natural y cultural en diferentes \u00e9pocas de la historia.&nbsp;<\/p>\n<\/div><\/div>\n<\/div>\n<\/div>\n\n\n\n<div class=\"wp-block-media-text alignwide is-stacked-on-mobile\" style=\"grid-template-columns:23% auto\"><figure class=\"wp-block-media-text__media\"><img loading=\"lazy\" decoding=\"async\" width=\"540\" height=\"720\" src=\"https:\/\/mundosonoro.org\/wp-content\/uploads\/2022\/03\/otra.png\" alt=\"\" class=\"wp-image-140 size-full\" srcset=\"https:\/\/mundosonoro.org\/wp-content\/uploads\/2022\/03\/otra.png 540w, https:\/\/mundosonoro.org\/wp-content\/uploads\/2022\/03\/otra-225x300.png 225w\" sizes=\"auto, (max-width: 540px) 100vw, 540px\" \/><\/figure><div class=\"wp-block-media-text__content\">\n<p class=\"has-small-font-size\" style=\"font-style:normal;font-weight:500;letter-spacing:1px\">M\u00e1s all\u00e1 de la contemplaci\u00f3n del objeto sonoro, el visitante puede tener un contacto real del sonido y funcionamiento de los instrumentos musicales, apoyado en demostraciones vivas y recursos de infograf\u00eda (textos, fotograf\u00edas, cat\u00e1logos y videos) que le acercan de manera directa al contexto cultural de cada instrumento.<\/p>\n<\/div><\/div>\n\n\n\n<div class=\"wp-block-media-text alignwide has-media-on-the-right is-stacked-on-mobile\" style=\"grid-template-columns:auto 23%\"><figure class=\"wp-block-media-text__media\"><img loading=\"lazy\" decoding=\"async\" width=\"540\" height=\"720\" src=\"https:\/\/mundosonoro.org\/wp-content\/uploads\/2022\/03\/Quienes-somos-4.png\" alt=\"\" class=\"wp-image-141 size-full\" srcset=\"https:\/\/mundosonoro.org\/wp-content\/uploads\/2022\/03\/Quienes-somos-4.png 540w, https:\/\/mundosonoro.org\/wp-content\/uploads\/2022\/03\/Quienes-somos-4-225x300.png 225w\" sizes=\"auto, (max-width: 540px) 100vw, 540px\" \/><\/figure><div class=\"wp-block-media-text__content\">\n<p class=\"has-small-font-size\" style=\"font-style:normal;font-weight:500;letter-spacing:1px\">La percepci\u00f3n integral de la m\u00fasica dentro de la exposici\u00f3n ofrece al visitante otras experiencias de profundizaci\u00f3n al participar en actividades art\u00edsticas como conciertos, charlas expertas sobre los instrumentos y sus culturas, y tambi\u00e9n talleres de interpretaci\u00f3n o construcci\u00f3n de instrumentos tradicionales colombianos.&nbsp; La Colecci\u00f3n Mundo Sonoro cuenta con cuatro salas tem\u00e1ticas&nbsp;<\/p>\n<\/div><\/div>\n","protected":false},"excerpt":{"rendered":"<p>La colecci\u00f3n Mundo Sonoro es una muestra \u00fanica de instrumentos musicales procedentes de diferentes culturas del mundo. Se propone al visitante un di\u00e1logo est\u00e9tico que invita a\u00a0 recorrer un universo musical. <\/p>\n","protected":false},"author":1,"featured_media":164,"parent":0,"menu_order":0,"comment_status":"closed","ping_status":"closed","template":"","meta":{"footnotes":""},"class_list":["post-19","page","type-page","status-publish","has-post-thumbnail","hentry"],"_links":{"self":[{"href":"https:\/\/mundosonoro.org\/index.php?rest_route=\/wp\/v2\/pages\/19","targetHints":{"allow":["GET"]}}],"collection":[{"href":"https:\/\/mundosonoro.org\/index.php?rest_route=\/wp\/v2\/pages"}],"about":[{"href":"https:\/\/mundosonoro.org\/index.php?rest_route=\/wp\/v2\/types\/page"}],"author":[{"embeddable":true,"href":"https:\/\/mundosonoro.org\/index.php?rest_route=\/wp\/v2\/users\/1"}],"replies":[{"embeddable":true,"href":"https:\/\/mundosonoro.org\/index.php?rest_route=%2Fwp%2Fv2%2Fcomments&post=19"}],"version-history":[{"count":23,"href":"https:\/\/mundosonoro.org\/index.php?rest_route=\/wp\/v2\/pages\/19\/revisions"}],"predecessor-version":[{"id":326,"href":"https:\/\/mundosonoro.org\/index.php?rest_route=\/wp\/v2\/pages\/19\/revisions\/326"}],"wp:featuredmedia":[{"embeddable":true,"href":"https:\/\/mundosonoro.org\/index.php?rest_route=\/wp\/v2\/media\/164"}],"wp:attachment":[{"href":"https:\/\/mundosonoro.org\/index.php?rest_route=%2Fwp%2Fv2%2Fmedia&parent=19"}],"curies":[{"name":"wp","href":"https:\/\/api.w.org\/{rel}","templated":true}]}}