{"id":21,"date":"2022-03-12T10:51:27","date_gmt":"2022-03-12T15:51:27","guid":{"rendered":"https:\/\/mundosonoro.org\/?page_id=21"},"modified":"2022-03-18T13:18:14","modified_gmt":"2022-03-18T18:18:14","slug":"servicios","status":"publish","type":"page","link":"https:\/\/mundosonoro.org\/?page_id=21","title":{"rendered":"Servicios"},"content":{"rendered":"\n<div class=\"wp-block-columns is-layout-flex wp-container-core-columns-is-layout-9d6595d7 wp-block-columns-is-layout-flex\">\n<div class=\"wp-block-column is-layout-flow wp-block-column-is-layout-flow\">\n<h5 class=\"has-text-align-center wp-block-heading\"><strong><em>Centro de investigaci\u00f3n EIM Estudios interculturales en m\u00fasica<\/em><\/strong><\/h5>\n<\/div>\n\n\n\n<div class=\"wp-block-column is-layout-flow wp-block-column-is-layout-flow\">\n<h5 class=\"has-text-align-center wp-block-heading\"><strong><em>Centro de Documentaci\u00f3n musical<\/em><\/strong><\/h5>\n<\/div>\n\n\n\n<div class=\"wp-block-column is-layout-flow wp-block-column-is-layout-flow\">\n<h5 class=\"has-text-align-center wp-block-heading\"><strong><em>Tienda del Museo<\/em><\/strong><\/h5>\n<\/div>\n<\/div>\n\n\n\n<div class=\"wp-block-columns is-layout-flex wp-container-core-columns-is-layout-9d6595d7 wp-block-columns-is-layout-flex\">\n<div class=\"wp-block-column is-layout-flow wp-block-column-is-layout-flow\">\n<figure class=\"wp-block-image size-full is-resized\"><img loading=\"lazy\" decoding=\"async\" src=\"https:\/\/mundosonoro.org\/wp-content\/uploads\/2022\/03\/Millo.png\" alt=\"\" class=\"wp-image-31\" width=\"257\" height=\"194\" srcset=\"https:\/\/mundosonoro.org\/wp-content\/uploads\/2022\/03\/Millo.png 866w, https:\/\/mundosonoro.org\/wp-content\/uploads\/2022\/03\/Millo-300x226.png 300w, https:\/\/mundosonoro.org\/wp-content\/uploads\/2022\/03\/Millo-768x579.png 768w\" sizes=\"auto, (max-width: 257px) 100vw, 257px\" \/><\/figure>\n<\/div>\n\n\n\n<div class=\"wp-block-column is-layout-flow wp-block-column-is-layout-flow\">\n<figure class=\"wp-block-image size-full is-resized\"><img loading=\"lazy\" decoding=\"async\" src=\"https:\/\/mundosonoro.org\/wp-content\/uploads\/2022\/03\/ORIGEN.png\" alt=\"\" class=\"wp-image-143\" width=\"257\" height=\"193\" srcset=\"https:\/\/mundosonoro.org\/wp-content\/uploads\/2022\/03\/ORIGEN.png 960w, https:\/\/mundosonoro.org\/wp-content\/uploads\/2022\/03\/ORIGEN-300x225.png 300w, https:\/\/mundosonoro.org\/wp-content\/uploads\/2022\/03\/ORIGEN-768x576.png 768w\" sizes=\"auto, (max-width: 257px) 100vw, 257px\" \/><\/figure>\n<\/div>\n\n\n\n<div class=\"wp-block-column is-layout-flow wp-block-column-is-layout-flow\">\n<figure class=\"wp-block-image size-large is-resized\"><img loading=\"lazy\" decoding=\"async\" src=\"https:\/\/mundosonoro.org\/wp-content\/uploads\/2022\/03\/Origoct-651-1-1024x763.jpg\" alt=\"\" class=\"wp-image-43\" width=\"254\" height=\"188\" srcset=\"https:\/\/mundosonoro.org\/wp-content\/uploads\/2022\/03\/Origoct-651-1-1024x763.jpg 1024w, https:\/\/mundosonoro.org\/wp-content\/uploads\/2022\/03\/Origoct-651-1-768x572.jpg 768w, https:\/\/mundosonoro.org\/wp-content\/uploads\/2022\/03\/Origoct-651-1-1536x1144.jpg 1536w, https:\/\/mundosonoro.org\/wp-content\/uploads\/2022\/03\/Origoct-651-1-2048x1526.jpg 2048w\" sizes=\"auto, (max-width: 254px) 100vw, 254px\" \/><\/figure>\n<\/div>\n<\/div>\n\n\n\n<div class=\"wp-block-columns is-layout-flex wp-container-core-columns-is-layout-9d6595d7 wp-block-columns-is-layout-flex\">\n<div class=\"wp-block-column is-layout-flow wp-block-column-is-layout-flow\">\n<p class=\"has-text-align-center has-small-font-size\" style=\"font-style:normal;font-weight:300\">Grupo acad\u00e9mico de investigaci\u00f3n que busca establecer intercambios y trabajos colaborativos con investigadores, music\u00f3logos, coleccionistas para documentar la colecci\u00f3n en relaci\u00f3n a proyectos afines.<\/p>\n<\/div>\n\n\n\n<div class=\"wp-block-column is-layout-flow wp-block-column-is-layout-flow\">\n<p class=\"has-text-align-center has-small-font-size\" style=\"font-style:normal;font-weight:300\">El Centro de Documentaci\u00f3n de Mundo Sonoro cuenta con una peque\u00f1a biblioteca especializada en m\u00fasicas tradicionales y organolog\u00eda de Colombia y el mundo, as\u00ed mismo conserva archivos sonoros en acetatos, casetes y formatos digitales referentes a las pr\u00e1cticas culturales de los instrumentos que se exhiben en la colecci\u00f3n. Dichos materiales, as\u00ed&nbsp; como la colecci\u00f3n misma de instrumentos sirven de soporte a los programas de formaci\u00f3n de semilleros y p\u00fablicos infantiles y juveniles.<\/p>\n<\/div>\n\n\n\n<div class=\"wp-block-column is-layout-flow wp-block-column-is-layout-flow\">\n<p class=\"has-small-font-size\" style=\"font-style:normal;font-weight:300\">Para los visitantes&nbsp; la Sede de Mundo Sonoro cuenta con una oferta variada de productos como r\u00e9plicas de instrumentos aut\u00f3ctonos, miniaturas, posters y recordatorios de su visita.<\/p>\n<\/div>\n<\/div>\n","protected":false},"excerpt":{"rendered":"<p>Mundo Sonoro desarrolla servicios de investigaci\u00f3n, documentaci\u00f3n musical y venta museal a trav\u00e9s del CEIM, centro de investigaci\u00f3n de estudio interculturales, el centro de documentaci\u00f3n musical y la tienda del museo.<\/p>\n","protected":false},"author":1,"featured_media":144,"parent":0,"menu_order":0,"comment_status":"closed","ping_status":"closed","template":"page-templates\/fullwidth.php","meta":{"footnotes":""},"class_list":["post-21","page","type-page","status-publish","has-post-thumbnail","hentry"],"_links":{"self":[{"href":"https:\/\/mundosonoro.org\/index.php?rest_route=\/wp\/v2\/pages\/21","targetHints":{"allow":["GET"]}}],"collection":[{"href":"https:\/\/mundosonoro.org\/index.php?rest_route=\/wp\/v2\/pages"}],"about":[{"href":"https:\/\/mundosonoro.org\/index.php?rest_route=\/wp\/v2\/types\/page"}],"author":[{"embeddable":true,"href":"https:\/\/mundosonoro.org\/index.php?rest_route=\/wp\/v2\/users\/1"}],"replies":[{"embeddable":true,"href":"https:\/\/mundosonoro.org\/index.php?rest_route=%2Fwp%2Fv2%2Fcomments&post=21"}],"version-history":[{"count":4,"href":"https:\/\/mundosonoro.org\/index.php?rest_route=\/wp\/v2\/pages\/21\/revisions"}],"predecessor-version":[{"id":216,"href":"https:\/\/mundosonoro.org\/index.php?rest_route=\/wp\/v2\/pages\/21\/revisions\/216"}],"wp:featuredmedia":[{"embeddable":true,"href":"https:\/\/mundosonoro.org\/index.php?rest_route=\/wp\/v2\/media\/144"}],"wp:attachment":[{"href":"https:\/\/mundosonoro.org\/index.php?rest_route=%2Fwp%2Fv2%2Fmedia&parent=21"}],"curies":[{"name":"wp","href":"https:\/\/api.w.org\/{rel}","templated":true}]}}