{"id":237,"date":"2022-03-18T13:44:35","date_gmt":"2022-03-18T18:44:35","guid":{"rendered":"https:\/\/mundosonoro.org\/?page_id=237"},"modified":"2022-03-18T14:55:28","modified_gmt":"2022-03-18T19:55:28","slug":"mision-y-vision","status":"publish","type":"page","link":"https:\/\/mundosonoro.org\/?page_id=237","title":{"rendered":"Misi\u00f3n y Visi\u00f3n"},"content":{"rendered":"\n<div class=\"wp-block-media-text alignwide has-media-on-the-right is-stacked-on-mobile\" style=\"grid-template-columns:auto 37%\"><figure class=\"wp-block-media-text__media\"><img loading=\"lazy\" decoding=\"async\" width=\"886\" height=\"720\" src=\"https:\/\/mundosonoro.org\/wp-content\/uploads\/2022\/03\/MUNDO-SONORO-INICIO-1.png\" alt=\"\" class=\"wp-image-108 size-full\" srcset=\"https:\/\/mundosonoro.org\/wp-content\/uploads\/2022\/03\/MUNDO-SONORO-INICIO-1.png 886w, https:\/\/mundosonoro.org\/wp-content\/uploads\/2022\/03\/MUNDO-SONORO-INICIO-1-300x244.png 300w, https:\/\/mundosonoro.org\/wp-content\/uploads\/2022\/03\/MUNDO-SONORO-INICIO-1-768x624.png 768w\" sizes=\"auto, (max-width: 886px) 100vw, 886px\" \/><\/figure><div class=\"wp-block-media-text__content\">\n<h3 class=\"wp-block-heading\">                      Misi\u00f3n             <\/h3>\n\n\n\n<p class=\"has-small-font-size\" style=\"font-style:normal;font-weight:500;letter-spacing:1px\">La colecci\u00f3n Mundo Sonoro- instrumentos musicales de Colombia y el mundo, es un proyecto museal, educativo y de investigaci\u00f3n, liderado por la ONG Cantatierra para la conservaci\u00f3n, difusi\u00f3n de la memoria y el patrimonio musical de los pueblos, dirigido a p\u00fablicos amplios y diversos como un espacio significativo para la para el disfrute, conocimiento y valoraci\u00f3n de las expresiones etnogr\u00e1ficas e hist\u00f3ricas de los instrumentos musicales que empoderan la herencia de los pueblos.&nbsp;&nbsp;<\/p>\n<\/div><\/div>\n\n\n\n<div class=\"wp-block-media-text alignwide has-media-on-the-right is-stacked-on-mobile is-vertically-aligned-center\" style=\"grid-template-columns:auto 36%\"><figure class=\"wp-block-media-text__media\"><img loading=\"lazy\" decoding=\"async\" width=\"720\" height=\"720\" src=\"https:\/\/mundosonoro.org\/wp-content\/uploads\/2022\/03\/Visita.png\" alt=\"\" class=\"wp-image-117 size-full\" srcset=\"https:\/\/mundosonoro.org\/wp-content\/uploads\/2022\/03\/Visita.png 720w, https:\/\/mundosonoro.org\/wp-content\/uploads\/2022\/03\/Visita-300x300.png 300w, https:\/\/mundosonoro.org\/wp-content\/uploads\/2022\/03\/Visita-150x150.png 150w\" sizes=\"auto, (max-width: 720px) 100vw, 720px\" \/><\/figure><div class=\"wp-block-media-text__content\">\n<h3 class=\"wp-block-heading\">                       Visi\u00f3n<\/h3>\n\n\n\n<p class=\"has-small-font-size\" style=\"font-style:normal;font-weight:500;letter-spacing:1px\">En los pr\u00f3ximos cinco a\u00f1os la colecci\u00f3n Mundo Sonoro ser\u00e1 una entidad museal l\u00edder a nivel nacional e internacional, especializada en el patrimonio de instrumentos musicales, reconocida por la representatividad de su colecci\u00f3n e impacto en programas educativos, art\u00edsticos, y de aprovechamiento tecnol\u00f3gico para la visibilizaci\u00f3n del legado instrumental musical de los pueblos.<\/p>\n<\/div><\/div>\n","protected":false},"excerpt":{"rendered":"<p>Misi\u00f3n La colecci\u00f3n Mundo Sonoro- instrumentos musicales de Colombia y el mundo, es un proyecto museal, educativo y de investigaci\u00f3n, liderado por la ONG Cantatierra para la conservaci\u00f3n, difusi\u00f3n de&hellip;<\/p>\n","protected":false},"author":1,"featured_media":136,"parent":0,"menu_order":0,"comment_status":"closed","ping_status":"closed","template":"","meta":{"footnotes":""},"class_list":["post-237","page","type-page","status-publish","has-post-thumbnail","hentry"],"_links":{"self":[{"href":"https:\/\/mundosonoro.org\/index.php?rest_route=\/wp\/v2\/pages\/237","targetHints":{"allow":["GET"]}}],"collection":[{"href":"https:\/\/mundosonoro.org\/index.php?rest_route=\/wp\/v2\/pages"}],"about":[{"href":"https:\/\/mundosonoro.org\/index.php?rest_route=\/wp\/v2\/types\/page"}],"author":[{"embeddable":true,"href":"https:\/\/mundosonoro.org\/index.php?rest_route=\/wp\/v2\/users\/1"}],"replies":[{"embeddable":true,"href":"https:\/\/mundosonoro.org\/index.php?rest_route=%2Fwp%2Fv2%2Fcomments&post=237"}],"version-history":[{"count":6,"href":"https:\/\/mundosonoro.org\/index.php?rest_route=\/wp\/v2\/pages\/237\/revisions"}],"predecessor-version":[{"id":668,"href":"https:\/\/mundosonoro.org\/index.php?rest_route=\/wp\/v2\/pages\/237\/revisions\/668"}],"wp:featuredmedia":[{"embeddable":true,"href":"https:\/\/mundosonoro.org\/index.php?rest_route=\/wp\/v2\/media\/136"}],"wp:attachment":[{"href":"https:\/\/mundosonoro.org\/index.php?rest_route=%2Fwp%2Fv2%2Fmedia&parent=237"}],"curies":[{"name":"wp","href":"https:\/\/api.w.org\/{rel}","templated":true}]}}