{"id":421,"date":"2022-05-04T16:49:27","date_gmt":"2022-05-04T21:49:27","guid":{"rendered":"https:\/\/mundosonoro.org\/?page_id=421"},"modified":"2023-06-08T14:21:09","modified_gmt":"2023-06-08T19:21:09","slug":"libros-y-musica","status":"publish","type":"page","link":"https:\/\/mundosonoro.org\/?page_id=421","title":{"rendered":"Libros"},"content":{"rendered":"\n<h2 class=\"wp-block-heading\">Memoria de Cantalicio Rojas 1993<\/h2>\n\n\n\n<h5 class=\"wp-block-heading\">Autor: Humberto Galindo<\/h5>\n\n\n\n<div class=\"wp-block-media-text alignwide is-stacked-on-mobile\" style=\"grid-template-columns:44% auto\"><figure class=\"wp-block-media-text__media\"><img loading=\"lazy\" decoding=\"async\" width=\"362\" height=\"459\" src=\"https:\/\/mundosonoro.org\/wp-content\/uploads\/2022\/05\/MemoriaCantalicio.jpg\" alt=\"\" class=\"wp-image-466 size-full\" srcset=\"https:\/\/mundosonoro.org\/wp-content\/uploads\/2022\/05\/MemoriaCantalicio.jpg 362w, https:\/\/mundosonoro.org\/wp-content\/uploads\/2022\/05\/MemoriaCantalicio-237x300.jpg 237w\" sizes=\"auto, (max-width: 362px) 100vw, 362px\" \/><\/figure><div class=\"wp-block-media-text__content\">\n<p class=\"has-small-font-size\">La primera biograf\u00eda integral del compositor del Tolima Grande Cantalicio Rojas Gonz\u00e1lez. Resultado de la investigaci\u00f3n de m\u00e1s de diez a\u00f1os realizada por el autor y el grupo Cantatierra.<\/p>\n\n\n\n<p class=\"has-small-font-size\">Libro en pasta plastificada full color. Contiene fotograf\u00edas hist\u00f3ricas y partituras.<\/p>\n\n\n\n<p class=\"has-small-font-size\">72 p\u00e1ginas. &nbsp;<\/p>\n\n\n\n<p class=\"has-small-font-size\">C\u00f3digo # CMS-023 <\/p>\n<\/div><\/div>\n\n\n\n<h2 class=\"wp-block-heading\">Instrumentos Musicales de la Tradici\u00f3n Tolimense<\/h2>\n\n\n\n<h5 class=\"wp-block-heading\">Autores: Humberto Galindo, Nubia Mafla<\/h5>\n\n\n\n<div class=\"wp-block-media-text alignwide is-stacked-on-mobile\" style=\"grid-template-columns:45% auto\"><figure class=\"wp-block-media-text__media\"><img loading=\"lazy\" decoding=\"async\" width=\"730\" height=\"517\" src=\"https:\/\/mundosonoro.org\/wp-content\/uploads\/2023\/03\/Portada-Cartilla-Instrumentos.gif\" alt=\"\" class=\"wp-image-709 size-full\"\/><\/figure><div class=\"wp-block-media-text__content\">\n<p class=\"has-small-font-size\">Una cartilla pr\u00e1ctica que ense\u00f1a la construcci\u00f3n de los instrumentos tradicionales de percusi\u00f3n del Tolima Grande, el chucho, el cien- pies, la esterilla entre otros. Ilustrada y con ejemplos musicales de repertorio en partituras.<\/p>\n\n\n\n<p class=\"has-small-font-size\">44 p\u00e1ginas. &nbsp;<\/p>\n\n\n\n<p class=\"has-small-font-size\">ISBN: 978-958-56318-0-9<\/p>\n\n\n\n<p class=\"has-small-font-size\">C\u00f3digo # CMS-024<\/p>\n\n\n\n<p class=\"has-small-font-size\"><\/p>\n<\/div><\/div>\n\n\n\n<h2 class=\"wp-block-heading\">Mujeres Protagonistas en la M\u00fasica del Tolima- Historia de vida. 2009<\/h2>\n\n\n\n<h5 class=\"wp-block-heading\">Autor: Humberto Galindo<\/h5>\n\n\n\n<div class=\"wp-block-media-text alignwide is-stacked-on-mobile\" style=\"grid-template-columns:36% auto\"><figure class=\"wp-block-media-text__media\"><img loading=\"lazy\" decoding=\"async\" width=\"791\" height=\"1024\" src=\"https:\/\/mundosonoro.org\/wp-content\/uploads\/2022\/05\/Mujeres-protagonistas-tapa-1-791x1024.jpg\" alt=\"\" class=\"wp-image-469 size-full\" srcset=\"https:\/\/mundosonoro.org\/wp-content\/uploads\/2022\/05\/Mujeres-protagonistas-tapa-1-791x1024.jpg 791w, https:\/\/mundosonoro.org\/wp-content\/uploads\/2022\/05\/Mujeres-protagonistas-tapa-1-232x300.jpg 232w, https:\/\/mundosonoro.org\/wp-content\/uploads\/2022\/05\/Mujeres-protagonistas-tapa-1-768x995.jpg 768w, https:\/\/mundosonoro.org\/wp-content\/uploads\/2022\/05\/Mujeres-protagonistas-tapa-1-1186x1536.jpg 1186w, https:\/\/mundosonoro.org\/wp-content\/uploads\/2022\/05\/Mujeres-protagonistas-tapa-1-1581x2048.jpg 1581w, https:\/\/mundosonoro.org\/wp-content\/uploads\/2022\/05\/Mujeres-protagonistas-tapa-1-scaled.jpg 1977w\" sizes=\"auto, (max-width: 791px) 100vw, 791px\" \/><\/figure><div class=\"wp-block-media-text__content\">\n<p class=\"has-small-font-size\">El primer estudio de g\u00e9nero sobre la m\u00fasica del Tolima. Realizado gracias a una beca de investigaci\u00f3n del Fondo Mixto de Cultura del Tolima. Incluye rese\u00f1as hist\u00f3ricas, y las biograf\u00edas de destacadas mujeres como Leonor Buenaventura, Blanca \u00c1lvarez de Parra e Isabel \u201cChava\u201d Rubio.<\/p>\n\n\n\n<p class=\"has-small-font-size\">170 P\u00e1ginas.<\/p>\n\n\n\n<p class=\"has-small-font-size\">ISBN: 978-958-99208-0-0<\/p>\n\n\n\n<p class=\"has-small-font-size\">C\u00f3digo # CMS-025 <\/p>\n\n\n\n<p class=\"has-small-font-size\"><\/p>\n<\/div><\/div>\n\n\n\n<h2 class=\"wp-block-heading\">Jorge Humber Jim\u00e9nez Bernal &#8211; Cantautor del Tolima -Vida y Obra &#8211; 2019<\/h2>\n\n\n\n<h5 class=\"wp-block-heading\">Autor: Humberto Galindo<\/h5>\n\n\n\n<div class=\"wp-block-media-text alignwide is-stacked-on-mobile\" style=\"grid-template-columns:42% auto\"><figure class=\"wp-block-media-text__media\"><img loading=\"lazy\" decoding=\"async\" width=\"485\" height=\"707\" src=\"https:\/\/mundosonoro.org\/wp-content\/uploads\/2023\/03\/Portada-Libro-JHJ.gif\" alt=\"\" class=\"wp-image-708 size-full\"\/><\/figure><div class=\"wp-block-media-text__content\">\n<p class=\"has-small-font-size\">La m\u00e1s reciente biograf\u00eda de esta cantautor del Tolima, Investigaci\u00f3n premiada con la Beca Est\u00edmulos de la Secretar\u00eda de Cultural de Ibagu\u00e9 2017. Incluye datos hist\u00f3ricos, fotos de archivo entrevistas y cancioneros del&nbsp; compositor.<\/p>\n\n\n\n<p class=\"has-small-font-size\">200 p\u00e1ginas.<\/p>\n\n\n\n<p class=\"has-small-font-size\">ISBN: 978-958-48-7206-7<\/p>\n\n\n\n<p class=\"has-small-font-size\">C\u00f3digo # CMS-026 <\/p>\n\n\n\n<p class=\"has-small-font-size\"><\/p>\n\n\n\n<p><\/p>\n<\/div><\/div>\n","protected":false},"excerpt":{"rendered":"<p>Memoria de Cantalicio Rojas 1993 Autor: Humberto Galindo La primera biograf\u00eda integral del compositor del Tolima Grande Cantalicio Rojas Gonz\u00e1lez. Resultado de la investigaci\u00f3n de m\u00e1s de diez a\u00f1os realizada&hellip;<\/p>\n","protected":false},"author":1,"featured_media":0,"parent":0,"menu_order":0,"comment_status":"closed","ping_status":"closed","template":"","meta":{"footnotes":""},"class_list":["post-421","page","type-page","status-publish","hentry"],"_links":{"self":[{"href":"https:\/\/mundosonoro.org\/index.php?rest_route=\/wp\/v2\/pages\/421","targetHints":{"allow":["GET"]}}],"collection":[{"href":"https:\/\/mundosonoro.org\/index.php?rest_route=\/wp\/v2\/pages"}],"about":[{"href":"https:\/\/mundosonoro.org\/index.php?rest_route=\/wp\/v2\/types\/page"}],"author":[{"embeddable":true,"href":"https:\/\/mundosonoro.org\/index.php?rest_route=\/wp\/v2\/users\/1"}],"replies":[{"embeddable":true,"href":"https:\/\/mundosonoro.org\/index.php?rest_route=%2Fwp%2Fv2%2Fcomments&post=421"}],"version-history":[{"count":7,"href":"https:\/\/mundosonoro.org\/index.php?rest_route=\/wp\/v2\/pages\/421\/revisions"}],"predecessor-version":[{"id":760,"href":"https:\/\/mundosonoro.org\/index.php?rest_route=\/wp\/v2\/pages\/421\/revisions\/760"}],"wp:attachment":[{"href":"https:\/\/mundosonoro.org\/index.php?rest_route=%2Fwp%2Fv2%2Fmedia&parent=421"}],"curies":[{"name":"wp","href":"https:\/\/api.w.org\/{rel}","templated":true}]}}