{"id":593,"date":"2022-10-27T11:31:47","date_gmt":"2022-10-27T16:31:47","guid":{"rendered":"https:\/\/mundosonoro.org\/?page_id=593"},"modified":"2026-04-07T15:51:29","modified_gmt":"2026-04-07T20:51:29","slug":"caribe-la-cultura-musical-insular-y-continental","status":"publish","type":"page","link":"https:\/\/mundosonoro.org\/?page_id=593","title":{"rendered":"HERENCIA MUSICAL AFROAMERICANA"},"content":{"rendered":"\n<p>La m\u00fasica afro en Am\u00e9rica se distingue por su conexi\u00f3n con las ra\u00edces africanas, fusionadas con influencias ind\u00edgenas y europeas a lo largo del tiempo. Sus rasgos m\u00e1s caracter\u00edsticos incluyen ritmos complejos y polirr\u00edtmicos, con un fuerte \u00e9nfasis en los tambores y otros instrumentos de percusi\u00f3n. La improvisaci\u00f3n es otro componente esencial y la voz desempe\u00f1a un papel crucial, con cantos emotivos que utilizan t\u00e9cnicas como el &#8220;llamado y respuesta&#8221;, en donde se establece un di\u00e1logo entre el l\u00edder y el coro. La m\u00fasica afro en Am\u00e9rica, ha dado lugar a una diversidad de g\u00e9neros regionales, como el blues, jazz, samba, reggae, son y salsa, que siguen siendo fundamentales en la identidad cultural del continente.<br><br><\/p>\n\n\n\n<figure class=\"wp-block-image size-full\"><img loading=\"lazy\" decoding=\"async\" width=\"980\" height=\"449\" src=\"https:\/\/mundosonoro.org\/wp-content\/uploads\/2023\/03\/cropped-Cabecera-4-scaled-2.jpg\" alt=\"\" class=\"wp-image-1166\" srcset=\"https:\/\/mundosonoro.org\/wp-content\/uploads\/2023\/03\/cropped-Cabecera-4-scaled-2.jpg 980w, https:\/\/mundosonoro.org\/wp-content\/uploads\/2023\/03\/cropped-Cabecera-4-scaled-2-300x137.jpg 300w, https:\/\/mundosonoro.org\/wp-content\/uploads\/2023\/03\/cropped-Cabecera-4-scaled-2-768x352.jpg 768w, https:\/\/mundosonoro.org\/wp-content\/uploads\/2023\/03\/cropped-Cabecera-4-scaled-2-18x8.jpg 18w\" sizes=\"auto, (max-width: 980px) 100vw, 980px\" \/><\/figure>\n\n\n\n<p>Instrumentos:<\/p>\n\n\n\n<p>Acher\u00e9 (Atchere) \/ Sheker\u00e9 \/ Clave cubana \/ Claves cubanas \/ G\u00fcira \/ G\u00fciro \/ Mar\u00edmbula \/ Cuica\u00a0 \/ Reco Reco \/ Marimb<\/p>\n\n\n<div class=\"wp-block-image\">\n<figure class=\"aligncenter size-large\"><img loading=\"lazy\" decoding=\"async\" width=\"1024\" height=\"576\" src=\"https:\/\/mundosonoro.org\/wp-content\/uploads\/2023\/07\/MARIMBULA-1024x576.jpeg\" alt=\"\" class=\"wp-image-799\" srcset=\"https:\/\/mundosonoro.org\/wp-content\/uploads\/2023\/07\/MARIMBULA-1024x576.jpeg 1024w, https:\/\/mundosonoro.org\/wp-content\/uploads\/2023\/07\/MARIMBULA-300x169.jpeg 300w, https:\/\/mundosonoro.org\/wp-content\/uploads\/2023\/07\/MARIMBULA-768x432.jpeg 768w, https:\/\/mundosonoro.org\/wp-content\/uploads\/2023\/07\/MARIMBULA-18x10.jpeg 18w, https:\/\/mundosonoro.org\/wp-content\/uploads\/2023\/07\/MARIMBULA.jpeg 1200w\" sizes=\"auto, (max-width: 1024px) 100vw, 1024px\" \/><\/figure>\n<\/div>\n\n\n<figure class=\"wp-block-audio\"><audio  data-artist=\"Carlos Passeggi\" data-title=\"\"Marimbula\" Improvisaci\u00f3n por \/ Improvisation by carlos passeggi\" controls src=\"https:\/\/mundosonoro.org\/wp-content\/uploads\/2025\/07\/162-Marimbula.mp3\"><\/audio><\/figure>\n\n\n<div class=\"wp-block-image\">\n<figure class=\"aligncenter size-large\"><img loading=\"lazy\" decoding=\"async\" width=\"1024\" height=\"576\" src=\"https:\/\/mundosonoro.org\/wp-content\/uploads\/2025\/07\/34-Shekere-1024x576.png\" alt=\"\" class=\"wp-image-1752\" srcset=\"https:\/\/mundosonoro.org\/wp-content\/uploads\/2025\/07\/34-Shekere-1024x576.png 1024w, https:\/\/mundosonoro.org\/wp-content\/uploads\/2025\/07\/34-Shekere-300x169.png 300w, https:\/\/mundosonoro.org\/wp-content\/uploads\/2025\/07\/34-Shekere-768x432.png 768w, https:\/\/mundosonoro.org\/wp-content\/uploads\/2025\/07\/34-Shekere-1536x864.png 1536w, https:\/\/mundosonoro.org\/wp-content\/uploads\/2025\/07\/34-Shekere-18x10.png 18w, https:\/\/mundosonoro.org\/wp-content\/uploads\/2025\/07\/34-Shekere.png 1920w\" sizes=\"auto, (max-width: 1024px) 100vw, 1024px\" \/><\/figure>\n<\/div>\n\n\n<figure class=\"wp-block-audio\"><audio  controls src=\"https:\/\/mundosonoro.org\/wp-content\/uploads\/2022\/10\/036-Chequere.mp3\"><\/audio><\/figure>\n\n\n<div class=\"wp-block-image\">\n<figure class=\"aligncenter size-large\"><img loading=\"lazy\" decoding=\"async\" width=\"1024\" height=\"576\" src=\"https:\/\/mundosonoro.org\/wp-content\/uploads\/2023\/07\/LAUD-CUBANO-1024x576.jpeg\" alt=\"\" class=\"wp-image-802\" srcset=\"https:\/\/mundosonoro.org\/wp-content\/uploads\/2023\/07\/LAUD-CUBANO-1024x576.jpeg 1024w, https:\/\/mundosonoro.org\/wp-content\/uploads\/2023\/07\/LAUD-CUBANO-300x169.jpeg 300w, https:\/\/mundosonoro.org\/wp-content\/uploads\/2023\/07\/LAUD-CUBANO-768x432.jpeg 768w, https:\/\/mundosonoro.org\/wp-content\/uploads\/2023\/07\/LAUD-CUBANO-18x10.jpeg 18w, https:\/\/mundosonoro.org\/wp-content\/uploads\/2023\/07\/LAUD-CUBANO.jpeg 1200w\" sizes=\"auto, (max-width: 1024px) 100vw, 1024px\" \/><\/figure>\n<\/div>\n\n\n<figure class=\"wp-block-audio\"><audio  controls src=\"https:\/\/mundosonoro.org\/wp-content\/uploads\/2022\/10\/194-Laud.mp3\"><\/audio><\/figure>\n\n\n\n\n\n<p class=\"has-text-align-center\"><strong>Claves<\/strong><\/p>\n\n\n\n<figure class=\"wp-block-audio\"><audio  controls src=\"https:\/\/mundosonoro.org\/wp-content\/uploads\/2025\/07\/039-Claves.mp3\"><\/audio><\/figure>\n\n\n\n<p class=\"has-text-align-center\"><strong>Guira<\/strong><\/p>\n\n\n\n<figure class=\"wp-block-audio\"><audio  controls src=\"https:\/\/mundosonoro.org\/wp-content\/uploads\/2025\/07\/052-Guira.mp3\"><\/audio><\/figure>\n\n\n\n<p><\/p>\n","protected":false},"excerpt":{"rendered":"<p>La m\u00fasica afro en Am\u00e9rica se distingue por su conexi\u00f3n con las ra\u00edces africanas, fusionadas con influencias ind\u00edgenas y europeas a lo largo del tiempo. Sus rasgos m\u00e1s caracter\u00edsticos incluyen&hellip;<\/p>\n","protected":false},"author":1,"featured_media":1166,"parent":0,"menu_order":0,"comment_status":"closed","ping_status":"closed","template":"","meta":{"footnotes":""},"class_list":["post-593","page","type-page","status-publish","has-post-thumbnail","hentry"],"_links":{"self":[{"href":"https:\/\/mundosonoro.org\/index.php?rest_route=\/wp\/v2\/pages\/593","targetHints":{"allow":["GET"]}}],"collection":[{"href":"https:\/\/mundosonoro.org\/index.php?rest_route=\/wp\/v2\/pages"}],"about":[{"href":"https:\/\/mundosonoro.org\/index.php?rest_route=\/wp\/v2\/types\/page"}],"author":[{"embeddable":true,"href":"https:\/\/mundosonoro.org\/index.php?rest_route=\/wp\/v2\/users\/1"}],"replies":[{"embeddable":true,"href":"https:\/\/mundosonoro.org\/index.php?rest_route=%2Fwp%2Fv2%2Fcomments&post=593"}],"version-history":[{"count":14,"href":"https:\/\/mundosonoro.org\/index.php?rest_route=\/wp\/v2\/pages\/593\/revisions"}],"predecessor-version":[{"id":1822,"href":"https:\/\/mundosonoro.org\/index.php?rest_route=\/wp\/v2\/pages\/593\/revisions\/1822"}],"wp:featuredmedia":[{"embeddable":true,"href":"https:\/\/mundosonoro.org\/index.php?rest_route=\/wp\/v2\/media\/1166"}],"wp:attachment":[{"href":"https:\/\/mundosonoro.org\/index.php?rest_route=%2Fwp%2Fv2%2Fmedia&parent=593"}],"curies":[{"name":"wp","href":"https:\/\/api.w.org\/{rel}","templated":true}]}}

<p>La música afro en América se distingue por su conexión con las raíces africanas, fusionadas con influencias indígenas y europeas a lo largo del tiempo. Sus rasgos más característicos incluyen ritmos complejos y polirrítmicos, con un fuerte énfasis en los tambores y otros instrumentos de percusión. La improvisación es otro componente esencial y la voz desempeña un papel crucial, con cantos emotivos que utilizan técnicas como el &#8220;llamado y respuesta&#8221;, en donde se establece un diálogo entre el líder y el coro. La música afro en América, ha dado lugar a una diversidad de géneros regionales, como el blues, jazz, samba, reggae, son y salsa, que siguen siendo fundamentales en la identidad cultural del continente.<br><br></p>



<figure class="wp-block-image size-full"><img loading="lazy" decoding="async" width="980" height="449" src="https://mundosonoro.org/wp-content/uploads/2023/03/cropped-Cabecera-4-scaled-2.jpg" alt="" class="wp-image-1166" srcset="https://mundosonoro.org/wp-content/uploads/2023/03/cropped-Cabecera-4-scaled-2.jpg 980w, https://mundosonoro.org/wp-content/uploads/2023/03/cropped-Cabecera-4-scaled-2-300x137.jpg 300w, https://mundosonoro.org/wp-content/uploads/2023/03/cropped-Cabecera-4-scaled-2-768x352.jpg 768w, https://mundosonoro.org/wp-content/uploads/2023/03/cropped-Cabecera-4-scaled-2-18x8.jpg 18w" sizes="auto, (max-width: 980px) 100vw, 980px" /></figure>



<p>Instrumentos:</p>



<p>Acheré (Atchere) / Shekeré / Clave cubana / Claves cubanas / Güira / Güiro / Marímbula / Cuica  / Reco Reco / Marimb</p>


<div class="wp-block-image">
<figure class="aligncenter size-large"><img loading="lazy" decoding="async" width="1024" height="576" src="https://mundosonoro.org/wp-content/uploads/2023/07/MARIMBULA-1024x576.jpeg" alt="" class="wp-image-799" srcset="https://mundosonoro.org/wp-content/uploads/2023/07/MARIMBULA-1024x576.jpeg 1024w, https://mundosonoro.org/wp-content/uploads/2023/07/MARIMBULA-300x169.jpeg 300w, https://mundosonoro.org/wp-content/uploads/2023/07/MARIMBULA-768x432.jpeg 768w, https://mundosonoro.org/wp-content/uploads/2023/07/MARIMBULA-18x10.jpeg 18w, https://mundosonoro.org/wp-content/uploads/2023/07/MARIMBULA.jpeg 1200w" sizes="auto, (max-width: 1024px) 100vw, 1024px" /></figure>
</div>


<figure class="wp-block-audio"><audio  data-artist="Carlos Passeggi" data-title=""Marimbula" Improvisación por / Improvisation by carlos passeggi" controls src="https://mundosonoro.org/wp-content/uploads/2025/07/162-Marimbula.mp3"></audio></figure>


<div class="wp-block-image">
<figure class="aligncenter size-large"><img loading="lazy" decoding="async" width="1024" height="576" src="https://mundosonoro.org/wp-content/uploads/2025/07/34-Shekere-1024x576.png" alt="" class="wp-image-1752" srcset="https://mundosonoro.org/wp-content/uploads/2025/07/34-Shekere-1024x576.png 1024w, https://mundosonoro.org/wp-content/uploads/2025/07/34-Shekere-300x169.png 300w, https://mundosonoro.org/wp-content/uploads/2025/07/34-Shekere-768x432.png 768w, https://mundosonoro.org/wp-content/uploads/2025/07/34-Shekere-1536x864.png 1536w, https://mundosonoro.org/wp-content/uploads/2025/07/34-Shekere-18x10.png 18w, https://mundosonoro.org/wp-content/uploads/2025/07/34-Shekere.png 1920w" sizes="auto, (max-width: 1024px) 100vw, 1024px" /></figure>
</div>


<figure class="wp-block-audio"><audio  controls src="https://mundosonoro.org/wp-content/uploads/2022/10/036-Chequere.mp3"></audio></figure>


<div class="wp-block-image">
<figure class="aligncenter size-large"><img loading="lazy" decoding="async" width="1024" height="576" src="https://mundosonoro.org/wp-content/uploads/2023/07/LAUD-CUBANO-1024x576.jpeg" alt="" class="wp-image-802" srcset="https://mundosonoro.org/wp-content/uploads/2023/07/LAUD-CUBANO-1024x576.jpeg 1024w, https://mundosonoro.org/wp-content/uploads/2023/07/LAUD-CUBANO-300x169.jpeg 300w, https://mundosonoro.org/wp-content/uploads/2023/07/LAUD-CUBANO-768x432.jpeg 768w, https://mundosonoro.org/wp-content/uploads/2023/07/LAUD-CUBANO-18x10.jpeg 18w, https://mundosonoro.org/wp-content/uploads/2023/07/LAUD-CUBANO.jpeg 1200w" sizes="auto, (max-width: 1024px) 100vw, 1024px" /></figure>
</div>


<figure class="wp-block-audio"><audio  controls src="https://mundosonoro.org/wp-content/uploads/2022/10/194-Laud.mp3"></audio></figure>





<p class="has-text-align-center"><strong>Claves</strong></p>



<figure class="wp-block-audio"><audio  controls src="https://mundosonoro.org/wp-content/uploads/2025/07/039-Claves.mp3"></audio></figure>



<p class="has-text-align-center"><strong>Guira</strong></p>



<figure class="wp-block-audio"><audio  controls src="https://mundosonoro.org/wp-content/uploads/2025/07/052-Guira.mp3"></audio></figure>



<p></p>

<p>La música afro en América se distingue por su conexión con las raíces africanas, fusionadas con influencias indígenas y europeas a lo largo del tiempo. Sus rasgos más característicos incluyen&hellip;</p>
