{"id":613,"date":"2022-10-27T11:44:13","date_gmt":"2022-10-27T16:44:13","guid":{"rendered":"https:\/\/mundosonoro.org\/?page_id=613"},"modified":"2025-04-03T09:54:02","modified_gmt":"2025-04-03T14:54:02","slug":"herencia-europea-en-america","status":"publish","type":"page","link":"https:\/\/mundosonoro.org\/?page_id=613","title":{"rendered":"\u00a0SALA 4 EUROPA: UN LEGADO MUSICAL UNIVERSAL"},"content":{"rendered":"\n<p>El desarrollo de la m\u00fasica occidental es el resultado de la fusi\u00f3n de m\u00faltiples civilizaciones y periodos hist\u00f3ricos. Las m\u00e1s avanzadas tradiciones est\u00e9ticas y culturales han aportado a la transformaci\u00f3n y refinamiento de los instrumentos musicales como objetos de arte y el reconocimiento de constructores de renombre y tradici\u00f3n a lo largo de su historia. Desde la Edad Media hasta la contemporaneidad, Europa ha sido cuna de corrientes musicales que han trascendido fronteras, como la m\u00fasica cl\u00e1sica, el barroco, el romanticismo y el jazz, entre otras. La expansi\u00f3n de las tendencias musicales europeas a trav\u00e9s de la colonizaci\u00f3n y el comercio cultural contribuy\u00f3 al mestizaje sonoro global, convirti\u00e9ndose en un puente entre diversas culturas y \u00e9pocas.<br><br>Instrumentos: Autoharp \/ Guitarra Espa\u00f1ola \/ Guitarra Folk \/ Flauta fife \/ Recorder \/ Chicot\u00e9n \/ txistu \/ Corneta S,. XIX \/ Ukelele \/ Ximbomba \/ La\u00fad Barroco \/ Triccabalacca<\/p>\n\n\n<div class=\"wp-block-image\">\n<figure class=\"aligncenter size-large\"><img loading=\"lazy\" decoding=\"async\" width=\"1024\" height=\"576\" src=\"https:\/\/mundosonoro.org\/wp-content\/uploads\/2025\/04\/008-Akkordzither-1024x576.jpg\" alt=\"\" class=\"wp-image-1567\" srcset=\"https:\/\/mundosonoro.org\/wp-content\/uploads\/2025\/04\/008-Akkordzither-1024x576.jpg 1024w, https:\/\/mundosonoro.org\/wp-content\/uploads\/2025\/04\/008-Akkordzither-300x169.jpg 300w, https:\/\/mundosonoro.org\/wp-content\/uploads\/2025\/04\/008-Akkordzither-768x432.jpg 768w, https:\/\/mundosonoro.org\/wp-content\/uploads\/2025\/04\/008-Akkordzither-18x10.jpg 18w, https:\/\/mundosonoro.org\/wp-content\/uploads\/2025\/04\/008-Akkordzither.jpg 1280w\" sizes=\"auto, (max-width: 1024px) 100vw, 1024px\" \/><\/figure>\n<\/div>\n\n\n<figure class=\"wp-block-audio\"><audio  controls src=\"https:\/\/mundosonoro.org\/wp-content\/uploads\/2023\/07\/112-Chicoten.mp3\"><\/audio><\/figure>\n\n\n\n<figure class=\"wp-block-image size-large\"><img loading=\"lazy\" decoding=\"async\" width=\"1024\" height=\"576\" src=\"https:\/\/mundosonoro.org\/wp-content\/uploads\/2025\/04\/218-TriccaBalacca-1-1024x576.jpg\" alt=\"\" class=\"wp-image-1570\" srcset=\"https:\/\/mundosonoro.org\/wp-content\/uploads\/2025\/04\/218-TriccaBalacca-1-1024x576.jpg 1024w, https:\/\/mundosonoro.org\/wp-content\/uploads\/2025\/04\/218-TriccaBalacca-1-300x169.jpg 300w, https:\/\/mundosonoro.org\/wp-content\/uploads\/2025\/04\/218-TriccaBalacca-1-768x432.jpg 768w, https:\/\/mundosonoro.org\/wp-content\/uploads\/2025\/04\/218-TriccaBalacca-1-18x10.jpg 18w, https:\/\/mundosonoro.org\/wp-content\/uploads\/2025\/04\/218-TriccaBalacca-1.jpg 1280w\" sizes=\"auto, (max-width: 1024px) 100vw, 1024px\" \/><\/figure>\n\n\n\n<figure class=\"wp-block-audio\"><audio  controls src=\"https:\/\/mundosonoro.org\/wp-content\/uploads\/2023\/07\/152-Txirula-3.mp3\"><\/audio><\/figure>\n\n\n\n<figure class=\"wp-block-image size-large\"><img loading=\"lazy\" decoding=\"async\" width=\"1024\" height=\"576\" src=\"https:\/\/mundosonoro.org\/wp-content\/uploads\/2023\/07\/19-LAUD-BARROCO-1024x576.jpeg\" alt=\"\" class=\"wp-image-848\" srcset=\"https:\/\/mundosonoro.org\/wp-content\/uploads\/2023\/07\/19-LAUD-BARROCO-1024x576.jpeg 1024w, https:\/\/mundosonoro.org\/wp-content\/uploads\/2023\/07\/19-LAUD-BARROCO-300x169.jpeg 300w, https:\/\/mundosonoro.org\/wp-content\/uploads\/2023\/07\/19-LAUD-BARROCO-768x432.jpeg 768w, https:\/\/mundosonoro.org\/wp-content\/uploads\/2023\/07\/19-LAUD-BARROCO-18x10.jpeg 18w, https:\/\/mundosonoro.org\/wp-content\/uploads\/2023\/07\/19-LAUD-BARROCO.jpeg 1200w\" sizes=\"auto, (max-width: 1024px) 100vw, 1024px\" \/><\/figure>\n\n\n\n<figure class=\"wp-block-audio\"><audio  controls src=\"https:\/\/mundosonoro.org\/wp-content\/uploads\/2023\/07\/Laud-Barroco-1.mp3\"><\/audio><\/figure>\n","protected":false},"excerpt":{"rendered":"<p>El desarrollo de la m\u00fasica occidental es el resultado de la fusi\u00f3n de m\u00faltiples civilizaciones y periodos hist\u00f3ricos. Las m\u00e1s avanzadas tradiciones est\u00e9ticas y culturales han aportado a la transformaci\u00f3n&hellip;<\/p>\n","protected":false},"author":1,"featured_media":203,"parent":0,"menu_order":0,"comment_status":"closed","ping_status":"closed","template":"","meta":{"footnotes":""},"class_list":["post-613","page","type-page","status-publish","has-post-thumbnail","hentry"],"_links":{"self":[{"href":"https:\/\/mundosonoro.org\/index.php?rest_route=\/wp\/v2\/pages\/613","targetHints":{"allow":["GET"]}}],"collection":[{"href":"https:\/\/mundosonoro.org\/index.php?rest_route=\/wp\/v2\/pages"}],"about":[{"href":"https:\/\/mundosonoro.org\/index.php?rest_route=\/wp\/v2\/types\/page"}],"author":[{"embeddable":true,"href":"https:\/\/mundosonoro.org\/index.php?rest_route=\/wp\/v2\/users\/1"}],"replies":[{"embeddable":true,"href":"https:\/\/mundosonoro.org\/index.php?rest_route=%2Fwp%2Fv2%2Fcomments&post=613"}],"version-history":[{"count":11,"href":"https:\/\/mundosonoro.org\/index.php?rest_route=\/wp\/v2\/pages\/613\/revisions"}],"predecessor-version":[{"id":1606,"href":"https:\/\/mundosonoro.org\/index.php?rest_route=\/wp\/v2\/pages\/613\/revisions\/1606"}],"wp:featuredmedia":[{"embeddable":true,"href":"https:\/\/mundosonoro.org\/index.php?rest_route=\/wp\/v2\/media\/203"}],"wp:attachment":[{"href":"https:\/\/mundosonoro.org\/index.php?rest_route=%2Fwp%2Fv2%2Fmedia&parent=613"}],"curies":[{"name":"wp","href":"https:\/\/api.w.org\/{rel}","templated":true}]}}

<p>El desarrollo de la música occidental es el resultado de la fusión de múltiples civilizaciones y periodos históricos. Las más avanzadas tradiciones estéticas y culturales han aportado a la transformación y refinamiento de los instrumentos musicales como objetos de arte y el reconocimiento de constructores de renombre y tradición a lo largo de su historia. Desde la Edad Media hasta la contemporaneidad, Europa ha sido cuna de corrientes musicales que han trascendido fronteras, como la música clásica, el barroco, el romanticismo y el jazz, entre otras. La expansión de las tendencias musicales europeas a través de la colonización y el comercio cultural contribuyó al mestizaje sonoro global, convirtiéndose en un puente entre diversas culturas y épocas.<br><br>Instrumentos: Autoharp / Guitarra Española / Guitarra Folk / Flauta fife / Recorder / Chicotén / txistu / Corneta S,. XIX / Ukelele / Ximbomba / Laúd Barroco / Triccabalacca</p>


<div class="wp-block-image">
<figure class="aligncenter size-large"><img loading="lazy" decoding="async" width="1024" height="576" src="https://mundosonoro.org/wp-content/uploads/2025/04/008-Akkordzither-1024x576.jpg" alt="" class="wp-image-1567" srcset="https://mundosonoro.org/wp-content/uploads/2025/04/008-Akkordzither-1024x576.jpg 1024w, https://mundosonoro.org/wp-content/uploads/2025/04/008-Akkordzither-300x169.jpg 300w, https://mundosonoro.org/wp-content/uploads/2025/04/008-Akkordzither-768x432.jpg 768w, https://mundosonoro.org/wp-content/uploads/2025/04/008-Akkordzither-18x10.jpg 18w, https://mundosonoro.org/wp-content/uploads/2025/04/008-Akkordzither.jpg 1280w" sizes="auto, (max-width: 1024px) 100vw, 1024px" /></figure>
</div>


<figure class="wp-block-audio"><audio  controls src="https://mundosonoro.org/wp-content/uploads/2023/07/112-Chicoten.mp3"></audio></figure>



<figure class="wp-block-image size-large"><img loading="lazy" decoding="async" width="1024" height="576" src="https://mundosonoro.org/wp-content/uploads/2025/04/218-TriccaBalacca-1-1024x576.jpg" alt="" class="wp-image-1570" srcset="https://mundosonoro.org/wp-content/uploads/2025/04/218-TriccaBalacca-1-1024x576.jpg 1024w, https://mundosonoro.org/wp-content/uploads/2025/04/218-TriccaBalacca-1-300x169.jpg 300w, https://mundosonoro.org/wp-content/uploads/2025/04/218-TriccaBalacca-1-768x432.jpg 768w, https://mundosonoro.org/wp-content/uploads/2025/04/218-TriccaBalacca-1-18x10.jpg 18w, https://mundosonoro.org/wp-content/uploads/2025/04/218-TriccaBalacca-1.jpg 1280w" sizes="auto, (max-width: 1024px) 100vw, 1024px" /></figure>



<figure class="wp-block-audio"><audio  controls src="https://mundosonoro.org/wp-content/uploads/2023/07/152-Txirula-3.mp3"></audio></figure>



<figure class="wp-block-image size-large"><img loading="lazy" decoding="async" width="1024" height="576" src="https://mundosonoro.org/wp-content/uploads/2023/07/19-LAUD-BARROCO-1024x576.jpeg" alt="" class="wp-image-848" srcset="https://mundosonoro.org/wp-content/uploads/2023/07/19-LAUD-BARROCO-1024x576.jpeg 1024w, https://mundosonoro.org/wp-content/uploads/2023/07/19-LAUD-BARROCO-300x169.jpeg 300w, https://mundosonoro.org/wp-content/uploads/2023/07/19-LAUD-BARROCO-768x432.jpeg 768w, https://mundosonoro.org/wp-content/uploads/2023/07/19-LAUD-BARROCO-18x10.jpeg 18w, https://mundosonoro.org/wp-content/uploads/2023/07/19-LAUD-BARROCO.jpeg 1200w" sizes="auto, (max-width: 1024px) 100vw, 1024px" /></figure>



<figure class="wp-block-audio"><audio  controls src="https://mundosonoro.org/wp-content/uploads/2023/07/Laud-Barroco-1.mp3"></audio></figure>

<p>El desarrollo de la música occidental es el resultado de la fusión de múltiples civilizaciones y periodos históricos. Las más avanzadas tradiciones estéticas y culturales han aportado a la transformación&hellip;</p>
